
What are the prime factors of 59454137?
59454137
What are the prime factors of 100592341?
8219, 12239
What are the prime factors of 36072708?
2, 3, 7, 17, 25261
List the prime factors of 2403742111.
29, 37, 1237, 1811
List the prime factors of 619172764.
2, 7, 181, 122173
What are the prime factors of 1076072017?
1076072017
List the prime factors of 1138761182.
2, 13, 97, 199, 2269
List the prime factors of 521737092.
2, 3, 4830899
List the prime factors of 309738874.
2, 19, 8151023
List the prime factors of 3459272424.
2, 3, 29, 59, 61, 1381
What are the prime factors of 1719428473?
7, 29, 172859
What are the prime factors of 17451554?
2, 17, 109, 277
What are the prime factors of 373867218?
2, 3, 19, 364393
What are the prime factors of 3610879715?
5, 1097, 658319
List the prime factors of 1604854076.
2, 7, 19, 430949
What are the prime factors of 1696878159?
3, 677, 835489
List the prime factors of 591884522.
2, 11321, 26141
What are the prime factors of 2540920627?
7, 47, 1103309
What are the prime factors of 1428702836?
2, 11, 32470519
List the prime factors of 155290823.
521, 298063
List the prime factors of 196333590.
2, 3, 5, 6544453
List the prime factors of 52054657.
137, 409, 929
List the prime factors of 552304907.
7, 11, 7172791
What are the prime factors of 32178714?
2, 3, 421, 12739
List the prime factors of 154587490.
2, 5, 1789, 8641
List the prime factors of 3657422518.
2, 19, 96247961
What are the prime factors of 69378750?
2, 3, 5, 7, 881
List the prime factors of 242587137.
3, 13, 157, 39619
List the prime factors of 132403530.
2, 3, 5, 7, 630493
What are the prime factors of 257876270?
2, 5, 53, 486559
List the prime factors of 45539005.
5, 17, 47, 11399
What are the prime factors of 701623626?
2, 3, 11, 17, 109, 5737
What are the prime factors of 104399578?
2, 52199789
What are the prime factors of 17639560?
2, 5, 440989
What are the prime factors of 1410713267?
61, 23126447
What are the prime factors of 6447977847?
3, 181, 3958243
List the prime factors of 636702312.
2, 3, 19, 227, 6151
List the prime factors of 1177498758.
2, 3, 181, 1084253
What are the prime factors of 352784998?
2, 176392499
What are the prime factors of 920871815?
5, 23, 8007581
What are the prime factors of 3227921889?
3, 491, 2191393
What are the prime factors of 68939960?
2, 5, 29, 103, 577
List the prime factors of 20255907.
3, 7, 499, 1933
What are the prime factors of 15594316?
2, 37, 105367
List the prime factors of 132562611.
3, 14729179
What are the prime factors of 11127146?
2, 17, 83, 3943
What are the prime factors of 348115104?
2, 3, 59, 6829
List the prime factors of 60868606.
2, 61, 498923
List the prime factors of 934822441.
7, 163, 117043
What are the prime factors of 2549668984?
2, 318708623
What are the prime factors of 1389722587?
11, 126338417
What are the prime factors of 34543812?
2, 3, 41, 61, 1151
List the prime factors of 179100706.
2, 113, 792481
List the prime factors of 4242203707.
7, 606029101
List the prime factors of 148239505.
5, 29647901
List the prime factors of 31613783.
31613783
What are the prime factors of 50138483?
449, 111667
What are the prime factors of 4307961795?
3, 5, 5147, 55799
List the prime factors of 4156744260.
2, 3, 5, 69279071
What are the prime factors of 253538389?
13, 19502953
List the prime factors of 393245976.
2, 3, 163, 100523
What are the prime factors of 716393826?
2, 3, 157, 253501
What are the prime factors of 2321602034?
2, 1160801017
List the prime factors of 44138561.
227, 194443
List the prime factors of 34333414.
2, 17166707
What are the prime factors of 2268443644?
2, 239, 269, 8821
List the prime factors of 2977289383.
31, 1459, 65827
What are the prime factors of 926418756?
2, 3, 31, 977, 2549
What are the prime factors of 318656756?
2, 11, 29, 41, 6091
What are the prime factors of 2093386375?
5, 17, 59, 283
List the prime factors of 254652818.
2, 7, 18189487
What are the prime factors of 442929760?
2, 5, 7, 13, 29, 1049
List the prime factors of 697957620.
2, 3, 5, 11632627
List the prime factors of 782810366.
2, 13, 331, 6997
What are the prime factors of 16739767?
11, 41, 37117
List the prime factors of 68926373.
977, 70549
List the prime factors of 23805951.
3, 13, 610409
What are the prime factors of 38884515?
3, 5, 487, 5323
What are the prime factors of 388001448?
2, 3, 349, 5147
What are the prime factors of 48611855?
5, 41, 83, 2857
List the prime factors of 54095527.
19, 29, 31, 3167
List the prime factors of 821643962.
2, 109, 311, 12119
What are the prime factors of 395585712?
2, 3, 41, 67003
List the prime factors of 3818870243.
73, 569, 91939
What are the prime factors of 55384722?
2, 3, 29, 11789
List the prime factors of 249107557.
43, 1567, 3697
What are the prime factors of 120167083?
37, 3247759
List the prime factors of 69106624.
2, 101, 10691
What are the prime factors of 153758807?
71, 2165617
What are the prime factors of 11767597?
11767597
List the prime factors of 24248165.
5, 439, 11047
What are the prime factors of 71505523?
5197, 13759
List the prime factors of 655424961.
3, 9739, 22433
What are the prime factors of 1145056503?
3, 29, 43, 306083
What are the prime factors of 64245920?
2, 5, 401537
List the prime factors of 608315914.
2, 23, 31, 67, 6367
List the prime factors of 817240855.
5, 107, 1527553
List the prime factors of 782186307.
3, 7, 163, 228509
What are the prime factors of 148272903?
3, 19, 289031
List the prime factors of 2656692003.
3, 7, 227, 557309
What are the prime factors of 18859685?
5, 13, 19, 15271
What are the prime factors of 478250218?
2, 103, 2321603
What are the prime factors of 30253538?
2, 7, 2160967
List the prime factors of 964173506.
2, 19, 347, 73121
List the prime factors of 1827296831.
1827296831
List the prime factors of 74700714.
2, 3, 11, 1131829
What are the prime factors of 6953351?
6953351
List the prime factors of 190527687.
3, 7, 17, 19, 3121
What are the prime factors of 115056497?
5981, 19237
What are the prime factors of 41301210?
2, 3, 5, 73, 18859
What are the prime factors of 942157794?
2, 3, 157026299
List the prime factors of 1250312871.
3, 1877, 222041
List the prime factors of 453487707.
3, 97, 347, 499
List the prime factors of 217663649.
7, 127, 244841
What are the prime factors of 285260691?
3, 95086897
List the prime factors of 220185848.
2, 131, 210101
What are the prime factors of 769905833?
29, 839, 31643
List the prime factors of 31309280.
2, 5, 79, 2477
List the prime factors of 129003550.
2, 5, 13, 23, 8629
List the prime factors of 116727247.
7, 13, 1282717
What are the prime factors of 99730957?
99730957
What are the prime factors of 107465672?
2, 19, 707011
List the prime factors of 210833571.
3, 13, 23, 235043
What are the prime factors of 446906102?
2, 3907, 57193
List the prime factors of 8632889.
17, 23, 22079
List the prime factors of 1519270463.
1519270463
What are the prime factors of 15584469?
3, 41, 126703
What are the prime factors of 1518238119?
3, 23, 22003451
What are the prime factors of 2654816194?
2, 29, 45772693
List the prime factors of 363708637.
23, 15813419
What are the prime factors of 886703595?
3, 5, 17, 3477269
What are the prime factors of 364045615?
5, 72809123
What are the prime factors of 32408818?
2, 13, 37, 59, 571
List the prime factors of 46758062.
2, 13, 1798387
What are the prime factors of 3754280567?
4547, 825661
What are the prime factors of 3322917228?
2, 3, 409, 677041
List the prime factors of 89732638.
2, 719, 62401
List the prime factors of 2878330213.
11, 73, 325861
What are the prime factors of 297297387?
3, 181, 182503
What are the prime factors of 1571531788?
2, 59, 6659033
List the prime factors of 40889720.
2, 5, 1022243
What are the prime factors of 4943207641?
31, 159458311
List the prime factors of 6677348073.
3, 11, 5591, 36191
What are the prime factors of 28359960?
2, 3, 5, 236333
What are the prime factors of 75803590?
2, 5, 7580359
List the prime factors of 215851249.
269, 802421
List the prime factors of 106098494.
2, 23, 223, 10343
What are the prime factors of 7796472?
2, 3, 17, 97, 197
List the prime factors of 749888857.
67, 11192371
What are the prime factors of 2307456650?
2, 5, 127, 363379
List the prime facto